97
What are the prime factors of 747009102?
2, 3, 7, 17785931
What are the prime factors of 41606512?
2, 2600407
What are the prime factors of 248851368?
2, 3, 3456269
List the prime factors of 220189702.
2, 4231, 26021
List the prime factors of 478654502.
2, 311, 769541
List the prime factors of 663788974.
2, 1931, 171877
What are the prime factors of 24371889?
3, 19, 137, 3121
List the prime factors of 27762073.
127, 218599
What are the prime factors of 38642287?
89, 449, 967
What are the prime factors of 50420108?
2, 151, 83477
List the prime factors of 103786137.
3, 7, 13, 53, 797
List the prime factors of 326475741.
3, 151, 720697
What are the prime factors of 476683686?
2, 3, 26482427
What are the prime factors of 104478796?
2, 19, 1374721
What are the prime factors of 310875473?
19, 16361867
List the prime factors of 62869714.
2, 397, 79181
What are the prime factors of 38522565?
3, 5, 856057
List the prime factors of 12870046.
2, 7, 73, 257
List the prime factors of 1532231562.
2, 3, 255371927
List the prime factors of 7109014019.
1663, 4274813
What are the prime factors of 1618751135?
5, 17, 41, 89, 307
What are the prime factors of 20128305?
3, 5, 107, 12541
What are the prime factors of 30429004?
2, 29, 277, 947
What are the prime factors of 705143195?
5, 1321, 106759
What are the prime factors of 5802765?
3, 5, 386851
What are the prime factors of 67633848?
2, 3, 939359
What are the prime factors of 220179900?
2, 3, 5, 127, 5779
List the prime factors of 48816681.
3, 19, 587, 1459
List the prime factors of 21999887.
7, 13, 17, 14221
What are the prime factors of 3006367534?
2, 29, 51833923
List the prime factors of 1041794631.
3, 115754959
What are the prime factors of 67035532?
2, 16758883
List the prime factors of 64407769.
64407769
What are the prime factors of 2507370736?
2, 13, 12054667
List the prime factors of 11776444.
2, 17, 173183
List the prime factors of 129909727.
23, 823, 6863
What are the prime factors of 10679426?
2, 149, 35837
List the prime factors of 58390638.
2, 3, 47, 79, 2621
What are the prime factors of 572544985?
5, 114508997
List the prime factors of 98820200.
2, 5, 494101
What are the prime factors of 9329258?
2, 71, 65699
List the prime factors of 45799066.
2, 227, 281, 359
List the prime factors of 611684608.
2, 199, 12007
What are the prime factors of 45953473?
2909, 15797
What are the prime factors of 700185187?
13, 971, 55469
What are the prime factors of 27138584?
2, 11, 59, 5227
List the prime factors of 512179480.
2, 5, 12804487
List the prime factors of 256924580.
2, 5, 11, 1167839
List the prime factors of 5496436.
2, 11, 124919
What are the prime factors of 736202246?
2, 13, 37, 765283
List the prime factors of 2044731.
3, 13, 37, 109
List the prime factors of 1551112878.
2, 3, 7, 17, 2172427
List the prime factors of 39640796.
2, 13, 29, 97, 271
List the prime factors of 3952200078.
2, 3, 23, 59, 239, 677
List the prime factors of 407144417.
857, 475081
What are the prime factors of 346060022?
2, 7, 11, 2247143
List the prime factors of 950971504.
2, 7, 83, 102299
List the prime factors of 66916208.
2, 4182263
What are the prime factors of 18969852?
2, 3, 11, 143711
List the prime factors of 2266408071.
3, 193, 1304783
What are the prime factors of 79427403?
3, 11, 802297
What are the prime factors of 531582118?
2, 23, 2897, 3989
What are the prime factors of 2547842447?
53, 48072499
List the prime factors of 1155066534.
2, 3, 347, 61643
What are the prime factors of 5321625217?
41, 129795737
List the prime factors of 204717288.
2, 3, 179, 47653
List the prime factors of 19457540.
2, 5, 23, 42299
What are the prime factors of 169177195?
5, 11, 3075949
What are the prime factors of 498595299?
3, 71, 2340823
What are the prime factors of 1104435?
3, 5, 101
List the prime factors of 179338446.
2, 3, 7, 1423321
List the prime factors of 147183544.
2, 53, 347131
List the prime factors of 92583651.
3, 5309, 5813
List the prime factors of 2255724.
2, 3, 62659
List the prime factors of 16996581.
3, 7, 29, 443
List the prime factors of 412492652.
2, 11, 13, 721141
What are the prime factors of 754284589?
754284589
List the prime factors of 1406200052.
2, 31, 173, 65551
List the prime factors of 86663541.
3, 19, 1061, 1433
What are the prime factors of 41745354?
2, 3, 7, 141991
List the prime factors of 339432657.
3, 113144219
What are the prime factors of 5532689?
5532689
What are the prime factors of 56359749?
3, 3371, 5573
List the prime factors of 1098027785.
5, 219605557
What are the prime factors of 2082591754?
2, 1041295877
What are the prime factors of 383196618?
2, 3, 7, 1063, 2861
List the prime factors of 1128787920.
2, 3, 5, 13, 61, 659
List the prime factors of 45719983.
239, 191297
List the prime factors of 1861806281.
35407, 52583
List the prime factors of 1248597552.
2, 3, 29, 83, 101, 107
List the prime factors of 437257.
17, 89
What are the prime factors of 167690521?
2131, 78691
List the prime factors of 3177358230.
2, 3, 5, 23, 263, 17509
List the prime factors of 157013675.
5, 7, 13, 5309
What are the prime factors of 648250651?
647, 1001933
What are the prime factors of 346126408?
2, 31, 1395671
What are the prime factors of 1505564925?
3, 5, 137, 146527
What are the prime factors of 139067353?
139067353
List the prime factors of 3965538455.
5, 37, 2591, 8273
List the prime factors of 204700809.
3, 1657, 41179
List the prime factors of 7016493.
3, 11, 89, 2389
What are the prime factors of 473477931?
3, 17, 23, 157, 857
List the prime factors of 2859408906.
2, 3, 239, 449, 4441
List the prime factors of 1393204.
2, 379, 919
What are the prime factors of 2795750017?
29, 96405173
What are the prime factors of 161960764?
2, 7, 107, 54059
What are the prime factors of 53454755?
5, 101, 151, 701
What are the prime factors of 6659535650?
2, 5, 37, 131, 27479
List the prime factors of 11602887.
3, 3867629
List the prime factors of 205075907.
29, 73, 1327
What are the prime factors of 3654419695?
5, 53, 13790263
List the prime factors of 955335009.
3, 17, 18732059
What are the prime factors of 622143456?
2, 3, 11, 37, 15923
What are the prime factors of 578539642?
2, 289269821
List the prime factors of 80078703.
3, 109, 244889
What are the prime factors of 7558154797?
17, 61, 7288481
List the prime factors of 156925422.
2, 3, 1277, 6827
List the prime factors of 11564363.
11564363
List the prime factors of 5199566.
2, 2599783
What are the prime factors of 626537910?
2, 3, 5, 53, 394049
What are the prime factors of 293158204?
2, 73289551
List the prime factors of 58678279.
11, 61, 157, 557
What are the prime factors of 22356210?
2, 3, 5, 79, 9433
What are the prime factors of 306238769?
306238769
What are the prime factors of 3954029464?
2, 7, 11, 227, 28277
List the prime factors of 200465024.
2, 89, 17597
What are the prime factors of 103199439?
3, 7, 100291
List the prime factors of 655952802.
2, 3, 109325467
What are the prime factors of 68091010?
2, 5, 13, 523777
What are the prime factors of 224013048?
2, 3, 7, 1333411
List the prime factors of 218068709.
41, 5318749
What are the prime factors of 1853476054?
2, 926738027
List the prime factors of 831146064.
2, 3, 7, 83, 29803
List the prime factors of 4679181591.
3, 7, 222818171
What are the prime factors of 358558440?
2, 3, 5, 1597, 1871
List the prime factors of 3977977852.
2, 83, 2503, 4787
List the prime factors of 62573633.
97, 103, 6263
What are the prime factors of 53497322?
2, 521, 51341
List the prime factors of 199158757.
7, 17, 43, 38921
List the prime factors of 1299698494.
2, 83, 7829509
List the prime factors of 1286820022.
2, 139, 4628849
List the prime factors of 5958432053.
7, 19, 44800241
List the prime factors of 2408425640.
2, 5, 29, 2076229
What are the prime factors of 678751968?
2, 3, 7070333
List the prime factors of 556954758.
2, 3, 797, 12941
List the prime factors of 207753357.
3, 7, 9893017
What are the prime factors of 1443411066?
2, 3, 191, 827, 1523
What are the prime factors of 276437941?
13, 773, 27509
What are the prime factors of 120436954?
2, 11, 859, 6373
What are the prime factors of 751039034?
2, 227, 1654271
List the prime factors of 57651779.
139, 241, 1721
What are the prime factors of 1